t of (-8919)/((-12)/16*(-28)/(-91))?
6
Let v = -3093 - -3879. Let n = -1197 + 4095. Suppose 11*i - n = -v. What is the hundreds digit of i?
1
Let y(o) = o**2 - 3*o - 43. Let f = -40 - -40. Let b be y(f). Let g = 75 + b. What is the units digit of g?
2
Suppose -4*f = 5*i - 19480, -5*f + 4*i + 22255 = -2095. Suppose -66*h - f = -76*h. What is the tens digit of h?
8
Suppose 2*z = -4*o - 14, o - 4*o + 2*z = 0. Let a be (1/o)/(9/(-36)). What is the units digit of 46 + -6 - (1 - a)?
1
Suppose 4*s + 2*b = 17148, -946*b + 21429 = 5*s - 942*b. What is the tens digit of s?
8
Let w(h) = h**3 + 18*h**2 - 20*h - 16. Let o be w(-19). Suppose 3*i = 7*i - 160. Suppose -5*r + 0*r = -o*f - 192, r - i = -f. What is the units digit of r?
9
Suppose -a + 14 = 7. Suppose 0 = a*y - 5*y - 800. What is the units digit of y?
0
Suppose 0 = 13*d - 81 - 205. What is the tens digit of 22/121 + 7212/d?
2
Suppose -m + 7663 = -5*d - 24962, -4*m - 5*d + 130675 = 0. What is the ten thousands digit of m?
3
Let w = -31 + -9. Let b be (3008/224)/(2/14). Let x = b + w. What is the units digit of x?
4
Suppose -x - 5025 = 2*a - 16476, -4*a = -x - 22893. What is the hundreds digit of a?
7
What is the ten thousands digit of (-7 - -3)/2*-2*(-624090)/(-120)?
2
Let r(h) = -4*h**2 + h + 1. Let c(n) = -20*n**2 - 32*n + 23. Let w(m) = -c(m) + 4*r(m). What is the hundreds digit of w(-19)?
7
Let z(o) = 6*o + 9 - 3*o - 3*o - 2*o + 21*o**2. Let i be z(-5). Suppose -i = -8*p - 0*p. What is the units digit of p?
8
Suppose 3*p - 4 - 9 = 2*l, -2*p = 4*l - 30. Suppose -p*t + 544 = -1605. Let d = t - 155. What is the tens digit of d?
5
Let s(a) = a + 2. Let c be s(3). Suppose -2*u - c*m = 124, -3*m + 5*m - 296 = 4*u. What is the tens digit of (3 - u/(-20))*-185?
1
Suppose 3*z + 1 = z - 3*y, 0 = -z + 3*y + 13. Suppose 3*a + z*p - 486 = 933, a = 3*p + 486. What is the tens digit of a?
7
Suppose b = 13*b - 240. Let y = b - -47. What is the tens digit of y?
6
Let v be (35/(-20))/((-1)/4). Let a be 3*2/(-9)*(v + -4). What is the tens digit of 31 - (3 + (0 - -1) + a)?
2
What is the tens digit of 24*(-7 - (-494)/4)?
9
Let q(g) = -g**2 - 3*g + 28. Suppose -3*p = -5*f - 46, 2*p = -f + 4*p - 5. Let x = -11 - f. What is the units digit of q(x)?
8
Let l = -3994 - -11969. What is the hundreds digit of l?
9
Let j(h) = 24*h**2 + h + 2. Let c(r) = 1. Let l(s) = -2*c(s) + j(s). Suppose 5 = -2*u - m, m = -9 + 8. What is the units digit of l(u)?
4
Let f(s) be the first derivative of 34*s**3/3 - 3*s**2/2 - 22*s - 1. What is the thousands digit of f(7)?
1
What is the hundreds digit of ((-6636)/10)/(-4*(-12)/(-1080))?
9
Suppose -4 = -7*r + 10. Let s be 0 - (r/5)/(2/(-10)). Suppose 0 = 3*v + 2*u - 7*u - 55, -5*u + 20 = s*v. What is the units digit of v?
5
Let p be (-4)/(-8) + (-97)/2. Let k be p/(2/(-4)*2). What is the units digit of k + 8*(-3)/(-6) + -1?
1
Suppose 0 = 9*z - 12*z - 3*g + 209229, -488113 = -7*z + 4*g. What is the thousands digit of z?
9
Let u(q) = 20*q**3 - 68*q**2 - 19*q + 3. What is the tens digit of u(13)?
0
Let a = -49823 + 88754. What is the ten thousands digit of a?
3
Let j(h) = h**2 + 2*h - 15. Let q(v) = 12*v - 34. Let t be q(2). What is the units digit of j(t)?
5
Suppose -8 = 4*c, -5*x + 1196*c = 1199*c - 123439. What is the hundreds digit of x?
6
Suppose 5*m - 5*y - 25325 = 0, -2*m + 4*y = 9*y - 10102. What is the tens digit of m?
6
Suppose 13094 - 36471 - 119273 = -25*x. What is the tens digit of x?
0
Suppose 109312 = 39*w - 128623 + 37007. What is the tens digit of w?
5
Let o = 415 + -366. Let y = 579 - o. What is the units digit of y?
0
Let v be -3 + 2/(6/9). Let m be (-2 + v - 1) + -17. What is the units digit of (-312)/m - 4/(-10)?
6
Let s be 7400/65 - 2/(-13). Suppose s*r = 2*k + 109*r - 3161, 0 = 4*k - r - 6331. What is the tens digit of k?
8
Let m(r) = 2573*r**2 + 10. Let v be m(2). Suppose 7*a + 10*a = v. What is the hundreds digit of a?
6
Let t(n) = -53*n**2 - 4*n + 8. Let q be t(4). Let h be (-24)/(-60) - (q/10 + -1). Suppose -4*a + 436 = x - h, -2*x = -6. What is the hundreds digit of a?
1
Suppose -9*r - 809 - 1603 = 0. What is the units digit of 1 - (2 + r - (14 + -13))?
8
What is the ten thousands digit of ((-16278)/(-9) + 0)/(1827/(-108) + 17)?
2
Let c(w) = 7*w**2 - 20*w**2 + w**3 + 8*w**2 + 5*w. Let u be c(3). What is the tens digit of (u - (-12)/2)*-1 + 120?
1
Suppose 236089 = -56*z + 804587 + 522158. What is the tens digit of z?
7
Let y = 33819 + -2037. What is the tens digit of y?
8
Suppose -4*y = 5*t - 24142, 4*y - 9652 = -2*t - 0*y. What is the hundreds digit of t?
8
Let n(i) = -i**2 + 5*i + 16. Let t = -4 + 11. Let z be n(t). Suppose 4*p = -2*f + 70 + 68, -5*p = -z*f + 111. What is the tens digit of f?
6
Let a(s) be the first derivative of 3*s**2 + 35*s - 2. Suppose 3*j - 28 = -5*c + 17, 3*c - 5*j = 61. What is the units digit of a(c)?
7
Let r(q) = 2*q**2 - 2*q - 78. Let c be r(13). Let b = -90 + 179. Let g = c - b. What is the units digit of g?
5
Suppose -23*v - 421 = -35933. What is the tens digit of v?
4
Suppose -4*c = -2*j + 94, 3*j + 2*c + 225 - 334 = 0. Suppose 4*n + 3*t = -210 - 31, 4*t = -5*n - 300. What is the tens digit of (j/4)/((-8)/n)?
7
Let f(l) = 6*l + 36. Let v be f(7). Let g be v + 15/3 + 3. Suppose 4*x = g + 50. What is the tens digit of x?
3
Suppose -5*l + 5*b + 18023 - 5408 = 0, -l + 5*b = -2523. What is the units digit of l?
3
Suppose 4*y = i + 6, 6*y - 20 = y - 5*i. Let k(n) = 10*n**2 + 12*n - 15. What is the tens digit of k(y)?
4
Let g(b) = b**3 + 11*b**2 - 53*b + 26. Let s be g(-14). Suppose -c + 190 = -s. What is the tens digit of c?
7
Let y = 235 - 226. Let s(h) = -h**3 + 15*h**2 + 15*h - 25. What is the units digit of s(y)?
6
Suppose -87776 = -11*y + 38449. What is the hundreds digit of y?
4
Let m = -3360 - -21309. What is the hundreds digit of m?
9
Let w = 3317 + 3. What is the thousands digit of w?
3
Let t be 1 + (-5)/(-5) + 2. Suppose -t*u = -2*i + 428, -5*i - 4*u + 398 + 700 = 0. What is the hundreds digit of i?
2
Let k = 5895 + -2774. Suppose 17*v = k + 9289. What is the units digit of v?
0
Let y = 83 + -78. Let p(v) = 4*v**3 + 4*v**2 - v + 20. What is the tens digit of p(y)?
1
Suppose -9*s + 2101 = -1220. Suppose s = 8*c - 167. What is the tens digit of c?
6
Let z = 10809 + 990. What is the tens digit of z?
9
Suppose 0 = 12*k + 16*k - 176764. What is the hundreds digit of k?
3
Suppose 0 = -t + 3*u - 43, 0 = -2*t - 2*u + 4*u - 82. What is the hundreds digit of (-31 + -1)*(t - -36)?
1
Let i(x) be the third derivative of 1/24*x**4 - 1/2*x**3 - 4*x**2 + 0*x + 0. What is the units digit of i(4)?
1
Let m be 1 - ((-2)/(-8) + (-2323)/92). Let x = m - -119. What is the hundreds digit of x?
1
Let f(s) = -7 + 3*s**2 + 6 - 6 - 4. Let k be f(-4). Suppose -2*y = -4*r - 167 - k, -y + 3*r = -97. What is the hundreds digit of y?
1
Suppose 50 = -5*s - 5*o, -3*o - 9 - 5 = s. Let b be (-1)/(-4) + -2 + 10/s. Let p(i) = -i**3 - 3*i**2 + i + 6. What is the units digit of p(b)?
3
Suppose -1431 = -23*f + 616. What is the tens digit of f?
8
Suppose -5 = -5*q, l - 3*l - q = -9. Suppose 5*r = -l*v + 8, v + 11 = 3*r - r. What is the units digit of r?
4
Suppose -v - 24 = -4*h + 5*h, 2*h - 72 = 4*v. Let j(x) = -21*x + 313. What is the units digit of j(v)?
3
Suppose -b + 4884 = -1615 - 1692. What is the thousands digit of b?
8
Let n = 4053 - 879. Let u = n + -1804. What is the hundreds digit of u?
3
Suppose 76*u - 126350 = 62*u - 119*u. What is the tens digit of u?
5
Let x be (-10 - -14) + (-4 - -1). What is the tens digit of -36*((1269/12)/(-9))/x?
2
Let h(i) = i**3 + 11*i**2 + 10*i - 16. Let n(x) = 3*x**2 + x - 4. Let b be n(-2). Suppose 20 = -4*f + 2*t - 6, 0 = -f + 3*t + b. What is the tens digit of h(f)?
5
Let d(o) = 14 + 14*o - o**2 + 3*o - 6*o. Let v be d(12). Suppose v*q = -5*n - 3*q + 240, -3*n - 2*q + 142 = 0. What is the units digit of n?
6
Let f(m) be the second derivative of m**4/12 + 17*m**3/6 - 21*m**2/2 + 284*m - 5. Suppose -3*u + 24 - 120 = 4*d, 0 = 3*u. What is the hundreds digit of f(d)?
1
Suppose 10*u - 50825 = 15*u. What is the tens digit of ((-4)/5)/(19/u)?
2
Suppose -2*t + 6353 = -b, 0 = -2*t - 4*b + 9*b + 6341. What is the thousands digit of t?
3
Let w(q) = 465*q**2 + 62*q + 227. What is the tens digit of w(-4)?
1
Let y = -220 - -16. Suppose 101*r 